hat is 144 + (-7 - 4) + 6 + 0 + -573 + 584?
150
Evaluate (4 + 11 - (-2 - 2)) + -1659 + 1628.
-12
What is the value of -2080 - -2184 - (-1 - -25)?
80
Evaluate -35 + (-28 - -55) - (1 + (26 - -1)).
-36
-17 + 57 + -30 + 12 + 24
46
Evaluate -34 - 1 - 3 - (-1274 - -1277).
-41
Evaluate (12 + 15 - -32) + (-5 - (-6 - -6)).
54
What is -1 + 21 - (-2 + (9 - -3) + -12)?
22
What is the value of -98 - ((31 - (-3 + 15)) + -37) - -4?
-76
(5 - -16) + -3 + 151 + -185
-16
What is the value of (1 - (-2 - 6) - (1 - -13)) + 41?
36
36 - (-32 + 89) - (-3 + 0)
-18
Evaluate (18 - 39) + (9 + -12 - 6).
-30
What is -8 - -96 - ((3 - 7 - -17) + (8 - 22))?
89
Calculate (45 - 0) + (2 - (7 + -3 - 32)) + -28.
47
Calculate (-1 + (0 - -1) - 11) + 16 + 6 + 32.
43
Evaluate 53 - (100 + -26 + -3).
-18
What is the value of -143 + 156 - (1 + (-17 - 3 - 6))?
38
Calculate -10960 + 11050 - (64 + 0).
26
What is -11 + (52 + -3 - -5) + (-3 - -1 - 9)?
32
What is the value of (350 - 372) + (0 - -21) + (2 - 2) + 6?
5
2 + -4 - (81 - 101)
18
What is -5 + -36 + 35 - (2 + -9)?
1
What is (-2 - -9) + (147 - 164 - -42)?
32
What is the value of 21 + -35 + 19 - (41 - 1)?
-35
What is -45 - (-27 + 28 + -30)?
-16
What is 22 + (9 - (8 - 18)) + -78?
-37
What is the value of (11 - (-5 - (-7 - -22))) + -18?
13
Calculate 30 + (-2986 - -2997) + 1 + -16.
26
What is the value of (10 - (-38 - -27)) + (34 - 1)?
54
What is -10 - (-5 - (4 + -7 + 1) - (-127 - -186))?
52
What is 338 + -324 - ((5 - -2) + (7 - 10))?
10
Calculate -55 - ((41 - 24) + (12 - 8)).
-76
(-3 - -3 - -88) + -2595 + 2577
70
What is the value of 6 - (-16 - (33 + -33))?
22
Evaluate -18 - (-3 - -5) - 1 - -8.
-13
What is the value of (-20 - -13) + -18 + -1 + 0 + -26 + 30?
-22
-65 - (4 + 5 + 0 + (-76 - -49))
-47
-1 + (-5 - -4) + (9 - 25 - 3)
-21
Evaluate (-21 + 12 - 6) + 8 + (-4 - -2) + 42.
33
What is -26 + -15 + (7 - -14 - -15)?
-5
Evaluate -9 + 7 + -40 + (-1 - -4) + -11.
-50
What is the value of 19 - (-71 + (1 - -5) + -2 + -2)?
88
-111 + 1 - (-51 - (-40 + 20 - 1) - -23)
-103
Evaluate (9 + 5 - 45) + 18 - -15.
2
-577 + 587 - (42 + -5)
-27
Calculate (23 + 0 + -6 - 33) + -3.
-19
30 - 24 - -12 - 32 - -69
55
-3 + (1 - -2 - 8) + (183 - 42 - 86)
47
Evaluate 4 + (28 - (-19 + 16 + -9) - (-1 - 11)).
56
What is the value of 23 - ((-16 - (13 + -10)) + 54)?
-12
Evaluate -144 - (-14 + -259) - 9.
120
What is the value of -4 - (-6 + (5 - (6 + -8 - -33)))?
28
What is 66 + -26 + -38 + -62?
-60
Evaluate -20 + (-133 - (6 - 198)).
39
(-13 - 39) + (36 - 24) + 9
-31
What is the value of (906 - 820) + (8 - 93)?
1
Calculate -5 + 5 - 10 - (-4 + 7 + -1 - 67).
55
Calculate 10 + (29 - (3 + -3 + (14 - 2))).
27
What is the value of 850 - 827 - (-1 + 22) - (-1 + -37)?
40
-24 - (39 + (5 - 32))
-36
Calculate 6 + -1 + (-5 + 6 - (9 + -28 + 13)).
12
Calculate (2 - -38 - (-94 + 37)) + 21.
118
Evaluate -3 + (-1 - -10) + (-3568 - -3707).
145
What is the value of -1 - -3 - ((29 - 1) + (192 - 189))?
-29
Calculate -35 + -3080 + 3084 + -1 + 16.
-16
What is the value of 81 + -82 + 29 - (-43 + 1)?
70
Calculate -1 + (2 - (14 + 0 + 47 + -50)).
-10
What is (256 + -268 - (-15 + -1)) + (-5 - -2)?
1
What is the value of 152 - (148 - -33) - (30 - -1)?
-60
What is the value of 1 - 23 - (-8734 - -8625)?
87
Calculate (8 - (2 + -5 - -2)) + -21 + -12.
-24
Evaluate (-48 - -143) + -81 - (-26 + -4).
44
What is the value of -17 - (-40 + (5 - -17))?
1
(44 + 4 + -3 - 6) + (-8 - (14 + -26))
43
What is -22 - (-14 + (18 - 28) - -35)?
-33
(1 - 3 - -19) + 622 + -594
45
Calculate -5 - -21 - (1 + (-5 - -23) - -16).
-19
2 - (38 - (0 + (-2 - (-20 + 9))))
-27
What is the value of (1 - 7) + 8 + (78 - 95) - -82?
67
What is -543 + 566 - (2 - 10)?
31
Evaluate -61 - (-48 + 18) - -15.
-16
Calculate 15 + 25 + (-124 + 22 - 1).
-63
What is the value of -10 - 3 - ((-9 - (-1 - -3)) + 11 + 10)?
-23
What is the value of -70 + (70 - 3 - 43)?
-46
What is the value of (-8 - 8) + 14 + 0 - (-46 + -8)?
52
(-1 - -4) + (-57 - 22)
-76
Evaluate -1325 - -1350 - (-5 + 1 - (-11 - -2 - 4)).
16
What is 1 - (-5 + -14 + (-6 - 42) - -5 - 11)?
74
What is the value of -1132 + 1061 - (-41 + 0)?
-30
What is the value of -13 - (-15 + (42 - 14) - (1 - -21))?
-4
Evaluate -14 - (-24 - -11) - 15 - (-10 - -8).
-14
What is 75 - -1 - -9 - (11 - (3 + (-2 - 1)))?
74
1 + 1 + (-653 - -693)
42
What is 14 + (4 - -24) + -13?
29
Evaluate -29 + (1 - -16 - (19 - 12)).
-19
What is 2 + 6 + 1 + (-119 + -4 + 16 - 16)?
-114
What is the value of 19 - (7 + 1 + -33 + 95)?
-51
What is the value of 10 + (-42 - -39) + (0 - 7) + -57 + 0?
-57
What is (39 - -12 - 20 - 3 - -16) + -19?
25
What is 36 + (21 - -9) + -26 - 98?
-58
What is -29 + 51 + (-18 - (-24 - 1))?
29
Calculate 61 + -1 - (12209 - 12121).
-28
Calculate -9 + 2 + (123 - 123) - (-11 - (9 - 3)).
10
What is the value of (0 - (3 + -9)) + -66 + 63 + (-1 - -4)?
6
Calculate 25 + -22 + -28 + 79.
54
Calculate -11 - ((-10 + 4 - (-7 - -10)) + (-51 - 1)).
50
-20 - -42 - -36 - 7
51
Evaluate (8 - (20 - 84)) + -49.
23
What is the value of (1 - 30) + -291 + 304 + -14?
-30
What is 10 - 24 - -17 - (-1 - (-2 + -60))?
-58
What is 1 + 6 + 7 + 0 + 2?
16
What is the value of -72 + 52 + -83 + 97?
-6
Evaluate -37 + 44 + (-25 - -3) + -4.
-19
5 + -61 + (15 - 14) + 23
-32
What is the value of -1 + (11 + -12 + 6 - (-41 + 30))?
15
What is (-5 + 7 + -12 + 3 - -7) + 86 + -12?
74
Calculate (-117 + 1 - (7 + -9)) + (-1111 - -1114).
-111
What is the value of (21 - (-4 + 2) - -1) + 77650 + -77800?
-126
What is the value of (78 - (324 - 110)) + 105?
-31
Evaluate (-27 - -28) + (-12 - (5 + -11)).
-5
Calculate -12 + (-9 + 5 - (-2 + 4 + -14)) + 142.
138
What is -41 + (38 - 40) + 56?
13
What is the value of -103 - -78 - 37 - -60?
-2
What is 34 - (-14 + 9 + -10 + 7 - -1) - -6?
47
(-2035 - -1963) + (103 - 1)
30
-58 + (88 - 129) + -5
-104
What is (14 - 3 - -1) + 21 + -93 + 25?
-35
What is 12 - (-234 - -221 - ((-1 - 0) + -2))?
22
Calculate -90 + (-17 - -53) + -3.
-57
Evaluate (6 - (-2 + 23 + -9)) + -1 + 5 + -6.
-8
Calculate 20 - (3 - 34) - ((16 - 6) + 2).
39
What is the value of -33 + 0 + 6481 + -6467?
-19
Calculate 4 - -3 - (11 - -20).
-24
What is the value of (8 + -14 + -2 + 7 - 0) + 0?
-1
((46 - 187) + 9 - -22) + 30
-80
Evaluate 1 - -12 - (-79 + 116 + -26).
2
-53 + 49 + -37 + 101
60
What is the value of 59 + -72 + (4 - -27)?
18
Evaluate 43 + 5 + 21 + -6 + -54 + 38.
47
Calculate -29 + 29 + -43 + 72.
29
What is the value of 0 + -47 + (7 - (-5 - (-22 - -14)))?
-43
What is the value of -8 + 4 + 0 + (42 - 116) + 32?
-46
Evaluate 18 + -33 + (22 - 11) + 44.
40
-2 + -73 - (-2 - (-10 + 32 + -19 + -1))
-71
-116 + 28 + (6 - 3) - -32
-53
(0 - 1) + -2 + 91 - (-21822 - -21814)
96
What is the value of 7379 + -7513 + 83 + 0?
-51
-23 + (-37 - -45 - 15)
-30
What is -10 + (24 - 21) - 102?
-109
Evaluate -132 + -147 + 299 - (-2 - (0 - -2)).
24
-100 + 83 + -80 + 42
-55
What is (-11 - -21) + 80 - (-59 - -78)?
71
Evaluate (11 - (-14 + (2 - -10))) + 17.
30
What is (55 - 42 - 40) + 32?
5
What is the value of (-407 - -407 - (-1 - -61)) + -1 + -15 + 4?
-72
What is (-20 - -1) + 1 - (49 + -56 + -3) - -52?
44
What is the value of (-5 - -2) + -8 + -151 + 165?
3
Evaluate -24 + 58 + -48 - (-2 + -58).
46
What is the value of 38 + (-22 - (-39 + 6)) + -28?
21
(37 - (10 + -118)) + -220
-75
What is the value of 4 + -1 + (50 + 19 - (6 + -22 - -7))?
81
Evaluate 104 + -56 + (-98 - -76).
26
Calculate (27 - 12) + -7 + (27 - -62).
97
Evaluate -8 + 19 + 6 + -10 + 0 + 10 + -3.
14
4 - (-3 + 44 + (0 - -5) + (-190 - -179))
-31
What is the value of -1452 + 1506 + (-3 + -11 - -1)?
41
Evaluate 30 + 4 + 16 + -6 + 1.
45
What is the value of -17 + 70 + (-56 - -6)?
3
Calculate (0 - (14 + -23)) + (10 - 23).
-4
14 + -2 + 0 + (1 - 4) + (32 - 26)
15
What is 20 + (14 - -18 - 31) + 10 + 2?
33
What is -46 - (-30 - ((3 - 119) + 3))?
-129
What is the value of -10 + ((-67 - 8) + 16 - -9)?
-60
Evaluate -5 + -35 + 51 - -86.
97
Evaluate (-4 - 3) + (-119 - -137).
11
Evaluate -99 + 32 + 17 - 22 - 0.
-72
What is 75 - 16 - -17 - -2 - (-15 + 2)?
91
0 + 29 - (208 - 71 - 96)
-12
Evaluate -2 + (15 - 5) - (-21 - -17 - -100).
-88
(8 - (31 - -72) - -3) + -9 + (0 - 0)
-101
Calculate -19 + (-67 - (4 - (20 - (17 - 21)))).
-66
What is -3 - (65 - 9 - 8 - (16 + -31))?
-66
What is -32 + 10 - (-20 + 11 - -7)?
-20
Evaluate (-44 - -9 - (-54 + 22)) + -45 + 3 + 